883 prime?
False
Is 231376633 composite?
True
Is 319179728779 a composite number?
True
Is 1740638801 a prime number?
False
Is 127058957047 a composite number?
True
Is 27027342974 composite?
True
Is 853086811 composite?
False
Is 7726888997 prime?
False
Is 1220411905 a prime number?
False
Is 909070298 composite?
True
Is 3086080897 prime?
False
Is 26414811931 prime?
False
Is 828739559 a composite number?
True
Is 8895179057 prime?
True
Is 12816938 a prime number?
False
Is 861817101 composite?
True
Is 9129078685 composite?
True
Is 30375093431 a prime number?
True
Is 7825942601 prime?
False
Is 227780699 a prime number?
True
Is 6493013579 a composite number?
True
Is 53649048917 a composite number?
True
Is 1254711079 prime?
False
Is 156861709 a prime number?
False
Is 1607402057 composite?
False
Is 4173295718 a prime number?
False
Is 14341014857 a composite number?
True
Is 515696431 composite?
False
Is 2571122627 prime?
True
Is 32961892121 prime?
True
Is 3025391059 a prime number?
True
Is 3031065803 a prime number?
False
Is 4369012723 a composite number?
False
Is 153252009439 a prime number?
True
Is 10624403411 a prime number?
False
Is 2672846543 a composite number?
True
Is 7184522909 composite?
True
Is 902965865 a composite number?
True
Is 3115298041 prime?
True
Is 990944957 a prime number?
False
Is 2060016379 prime?
True
Is 16897161109 a prime number?
True
Is 429805003 composite?
False
Is 4938807217 a composite number?
False
Is 23326788341 a composite number?
False
Is 9041311687 prime?
True
Is 55581334741 composite?
False
Is 952621589 prime?
True
Is 1991422709 a composite number?
True
Is 1873703681 prime?
True
Is 9698837917 a composite number?
False
Is 143639065 prime?
False
Is 60419034941 a prime number?
False
Is 13638179999 a composite number?
False
Is 123962078203 composite?
False
Is 537539771737 a prime number?
False
Is 248346773 a composite number?
False
Is 44075901607 a composite number?
False
Is 12943549321 prime?
False
Is 16845631081 a composite number?
False
Is 1461775261 a prime number?
True
Is 82890496111 a prime number?
False
Is 5812882091 a composite number?
True
Is 12907483051 a prime number?
False
Is 8934659453 a prime number?
True
Is 135171541 a prime number?
True
Is 27943943707 a prime number?
False
Is 4008929599 a prime number?
True
Is 720276881 a prime number?
False
Is 1085221507 a composite number?
True
Is 70557576515 composite?
True
Is 63465469 composite?
False
Is 6137139997 a composite number?
False
Is 14870241131 prime?
False
Is 1264055041 composite?
True
Is 2977793657 a composite number?
False
Is 31421720401 a prime number?
True
Is 4846410263 composite?
False
Is 62431364963 a prime number?
False
Is 1552270101 a prime number?
False
Is 4680535481 a prime number?
False
Is 65172939409 a prime number?
True
Is 38035153687 composite?
True
Is 77183721107 composite?
True
Is 3710664547 composite?
True
Is 149459993 a composite number?
False
Is 2594620879 a prime number?
True
Is 70014943237 composite?
False
Is 3460969937 a prime number?
True
Is 827871181 a composite number?
True
Is 24352589231 prime?
False
Is 2844105103 prime?
False
Is 208415111 prime?
True
Is 660280861 a prime number?
True
Is 19962089311 prime?
False
Is 334816501 a prime number?
True
Is 6554567179 a prime number?
True
Is 75713525383 prime?
True
Is 127766556131 a composite number?
False
Is 10928916487 composite?
True
Is 13975835821 prime?
True
Is 41610769 a prime number?
False
Is 41523479009 a prime number?
True
Is 5001092093 a prime number?
False
Is 576420573 a prime number?
False
Is 12315929 a prime number?
True
Is 16823682527 a composite number?
False
Is 12701544599 composite?
False
Is 5026292429 prime?
False
Is 1235181337 a composite number?
True
Is 443773133 a composite number?
False
Is 36848524651 a composite number?
True
Is 26381490043 a prime number?
True
Is 902229037 composite?
True
Is 60595771 a composite number?
False
Is 32197666594 prime?
False
Is 590121871 composite?
False
Is 9076512317 a prime number?
False
Is 65514863 composite?
False
Is 29016309061 prime?
True
Is 35314568719 composite?
True
Is 12101630089 prime?
False
Is 592466323 a composite number?
False
Is 2808452531 a prime number?
True
Is 179865692561 a prime number?
False
Is 5036315591 composite?
False
Is 136750831 composite?
True
Is 1637563141 a composite number?
False
Is 15627573241 a prime number?
False
Is 30286224197 a composite number?
True
Is 613348441 prime?
False
Is 1476432613 prime?
True
Is 1636029457 a prime number?
False
Is 7272042809 a composite number?
False
Is 4599488269 prime?
False
Is 97897207 a prime number?
False
Is 209065999991 prime?
True
Is 73944762607 prime?
True
Is 600629611 a composite number?
False
Is 50211513871 prime?
False
Is 15674830819 composite?
False
Is 63058446007 a composite number?
True
Is 24729895471 a prime number?
False
Is 947335877 composite?
True
Is 9959921833 a composite number?
False
Is 298118609 a prime number?
True
Is 851828009 a prime number?
True
Is 173505886 a prime number?
False
Is 775009793 a composite number?
False
Is 2572557389 composite?
True
Is 53266146151 a prime number?
False
Is 445952911 prime?
False
Is 887613241 composite?
True
Is 74397270343 a prime number?
False
Is 452349383 prime?
False
Is 4619496859 a prime number?
False
Is 383793669551 a composite number?
False
Is 30039553573 a prime number?
False
Is 26946721 a prime number?
False
Is 248142624311 a prime number?
True
Is 8985650717 a composite number?
False
Is 15076508171 prime?
True
Is 36004386349 a composite number?
False
Is 6077306797 prime?
False
Is 41181125243 prime?
True
Is 74018597 a prime number?
False
Is 33265392509 a prime number?
True
Is 927993917 prime?
False
Is 985497991 composite?
True
Is 12646629581 a prime number?
False
Is 73371584519 prime?
False
Is 112127540711 a composite number?
False
Is 3577164791 prime?
False
Is 327985841 a composite number?
True
Is 3678306497 a composite number?
False
Is 2033133257 composite?
False
Is 7298801327 a composite number?
False
Is 235536211 a prime number?
False
Is 33037799261 composite?
True
Is 287650655737 a composite number?
True
Is 145238288978 a composite number?
True
Is 32506687307 prime?
True
Is 2929050731 a composite number?
True
Is 29417252817 a composite number?
True
Is 6774133841 a composite number?
False
Is 577435679 composite?
True
Is 2929787753 composite?
True
Is 16274802029 prime?
True
Is 75384763 composite?
False
Is 184549271 a prime number?
True
Is 478120349539 prime?
False
Is 12564450089 a prime number?
True
Is 599065777 composite?
True
Is 125976299 a prime number?
True
Is 2214606629 prime?
True
Is 127207012369 a composite number?
False
Is 1164496433 a prime number?
True
Is 5138591501 a prime number?
True
Is 207291853 prime?
False
Is 1217133457 a prime number?
False
Is 3300746377 a composite number?
False
Is 18044324521 prime?
True
Is 1541275909 a composite number?
False
Is 9338015905 composite?
True
Is 406890511 a prime number?
False
Is 23722080349 a composite number?
True
Is 105977303 composite?
True
Is 74944937 composite?
False
Is 1186340971 prime?
False
Is 9218434507 composite?
False
Is 2191511431 prime?
False
Is 3446505697 composite?
False
Is 132257219 composite?
False
Is 1039401241 a composite number?
False
Is 5179294433 prime?
True
Is 1102134247 prime?
False
Is 63765701 composite?
True
Is 599128877 a composite number?
False
Is 4289871853 composite?
True
Is 136721909 prime?
True
Is 1544862647 composite?
False
Is 436659667 composite?
False
Is 3663013433 a prime number?
False
Is 15721986793 composite?
True
Is 8796615631 a prime number?
True
Is 139076219699 prime?
True
Is 2585642161 a prime number?
False
Is 131539201 prime?
False
Is 43099055781 prime?
False
Is 772145243 composite?
True
Is 4923649921 a prime number?
False
Is 193358330483 prime?
False
Is 14600385977 composite?
True
Is 132829928197 prime?
True
Is 81413113 composite?
False
Is 2379621067 a prime number?
False
Is 614391091 prime?
False
Is 198235573 a composite number?
False
Is 127051772609 composite?
True
Is 85016465473 composite?
False
Is 3756665659 a prime number?
False
Is 1789222823 composite?
True
Is 245894859467 a composite number?
False
Is 2115330319 composite?
False
Is 146565383 a prime number?
True
Is 971859646 prime?
False
Is 4192918091 a prime n